{"id":1302,"date":"2018-10-15T22:55:45","date_gmt":"2018-10-15T20:55:45","guid":{"rendered":"http:\/\/campinglespeupliers.net\/?page_id=1302"},"modified":"2024-08-19T19:08:01","modified_gmt":"2024-08-19T17:08:01","slug":"contact-reservation","status":"publish","type":"page","link":"https:\/\/www.campinglespeupliers.net\/index.php\/contact-reservation\/","title":{"rendered":"Contact &#8211; R\u00e9servation &#8211; Renseignements"},"content":{"rendered":"\n<p>Utilisez ce formulaire pour prendre contact avec nous, pour toute demande de r\u00e9servation ou de renseignements. Nous vous demandons  vos coordonn\u00e9es afin de pouvoir vous contacter dans les plus brefs d\u00e9lais et donner une r\u00e9ponse \u00e0 votre demande.<\/p>\n\n\n\n<center><iframe loading=\"lazy\" src=\"https:\/\/docs.google.com\/forms\/d\/e\/1FAIpQLSeFMh7wr90l7wk-uk4RtfRuOUO5-pgnpbOtET6PgEGDq3TpaA\/viewform?embedded=true\" width=\"640\" height=\"860\" frameborder=\"0\" marginheight=\"0\" marginwidth=\"0\">Chargement\u2026<\/iframe><\/center>\n\n\n\n<h6 class=\"wp-block-heading has-text-align-center\"><a href=\"http:\/\/campinglespeupliers.net\/index.php\/politique-de-confidentialite\/\">Consultez la politique de confidentialit\u00e9 du site<\/a><\/h6>\n\n\n\n<p class=\"has-text-align-center has-vivid-green-cyan-background-color has-background\"><strong><em>Merci de votre confiance<\/em><\/strong><\/p>\n\n\n\n<p><\/p>\n","protected":false},"excerpt":{"rendered":"<p>Utilisez ce formulaire pour prendre contact avec nous, pour toute demande de r\u00e9servation ou de renseignements. Nous vous demandons vos coordonn\u00e9es afin de pouvoir vous contacter dans les plus brefs d\u00e9lais et donner une r\u00e9ponse \u00e0 votre demande. Chargement\u2026 Consultez la politique de confidentialit\u00e9 du site<\/p>\n","protected":false},"author":1,"featured_media":0,"parent":0,"menu_order":0,"comment_status":"closed","ping_status":"closed","template":"","meta":{"footnotes":""},"class_list":["post-1302","page","type-page","status-publish","hentry"],"_links":{"self":[{"href":"https:\/\/www.campinglespeupliers.net\/index.php\/wp-json\/wp\/v2\/pages\/1302","targetHints":{"allow":["GET"]}}],"collection":[{"href":"https:\/\/www.campinglespeupliers.net\/index.php\/wp-json\/wp\/v2\/pages"}],"about":[{"href":"https:\/\/www.campinglespeupliers.net\/index.php\/wp-json\/wp\/v2\/types\/page"}],"author":[{"embeddable":true,"href":"https:\/\/www.campinglespeupliers.net\/index.php\/wp-json\/wp\/v2\/users\/1"}],"replies":[{"embeddable":true,"href":"https:\/\/www.campinglespeupliers.net\/index.php\/wp-json\/wp\/v2\/comments?post=1302"}],"version-history":[{"count":54,"href":"https:\/\/www.campinglespeupliers.net\/index.php\/wp-json\/wp\/v2\/pages\/1302\/revisions"}],"predecessor-version":[{"id":6272,"href":"https:\/\/www.campinglespeupliers.net\/index.php\/wp-json\/wp\/v2\/pages\/1302\/revisions\/6272"}],"wp:attachment":[{"href":"https:\/\/www.campinglespeupliers.net\/index.php\/wp-json\/wp\/v2\/media?parent=1302"}],"curies":[{"name":"wp","href":"https:\/\/api.w.org\/{rel}","templated":true}]}}