{"id":65,"date":"2018-09-14T12:40:36","date_gmt":"2018-09-14T12:40:36","guid":{"rendered":"https:\/\/hugounenq.com\/wordpress\/?page_id=65"},"modified":"2020-05-26T09:52:41","modified_gmt":"2020-05-26T07:52:41","slug":"region","status":"publish","type":"page","link":"https:\/\/www.campinglespeupliers.net\/index.php\/region\/","title":{"rendered":"R\u00e9gion"},"content":{"rendered":"<p>De nombreux sites \u00e0 visiter dans la r\u00e9gion :<\/p>\n<p><\/p>\n<p><\/p><center><br>\n<iframe loading=\"lazy\" style=\"border: 0;\" src=\"https:\/\/www.google.com\/maps\/embed?pb=!1m18!1m12!1m3!1d13923.501985142706!2d3.3461082203680985!3d43.687869626677234!2m3!1f0!2f0!3f0!3m2!1i1024!2i768!4f13.1!3m3!1m2!1s0x0%3A0x8a9e36fb69132dbb!2sCamping+les+Peupliers!5e0!3m2!1sfr!2sfr!4v1537878094161\" allowfullscreen=\"allowfullscreen\" width=\"600\" height=\"450\" frameborder=\"0\"><\/iframe><br>\n<img loading=\"lazy\" decoding=\"async\" class=\"aligncenter wp-image-409\" src=\"http:\/\/campinglespeupliers.net\/wp-content\/uploads\/2018\/09\/salagou-300x169.jpg\" alt=\"\" width=\"740\" height=\"417\" srcset=\"https:\/\/www.campinglespeupliers.net\/wp-content\/uploads\/2018\/09\/salagou-300x169.jpg 300w, https:\/\/www.campinglespeupliers.net\/wp-content\/uploads\/2018\/09\/salagou-768x432.jpg 768w, https:\/\/www.campinglespeupliers.net\/wp-content\/uploads\/2018\/09\/salagou-1024x576.jpg 1024w, https:\/\/www.campinglespeupliers.net\/wp-content\/uploads\/2018\/09\/salagou.jpg 1175w\" sizes=\"auto, (max-width: 740px) 100vw, 740px\" \/><\/center><p><\/p>\n<p style=\"text-align: center;\">Le Lac du Salagou<\/p>\n<p style=\"text-align: center;\">Le cirque de Mour\u00e8ze<\/p>\n<p style=\"text-align: center;\">Saint Guilhem le D\u00e9sert<\/p>\n<p style=\"text-align: center;\">Le Pont du Diable<\/p>\n<p style=\"text-align: center;\">La Grotte de Clamouse<\/p>\n<p style=\"text-align: center;\">Le temple Bouddhiste \u00ab\u00a0Lerab Ling\u00a0\u00bb<\/p>\n<p style=\"text-align: center;\">Le Cirque de Navacelle<\/p>\n<p style=\"text-align: center;\">La cath\u00e9drale de Saint Fulcran \u00e0 Lod\u00e8ve<\/p>\n\n","protected":false},"excerpt":{"rendered":"<p>De nombreux sites \u00e0 visiter dans la r\u00e9gion : Le Lac du Salagou Le cirque de Mour\u00e8ze Saint Guilhem le D\u00e9sert Le Pont du Diable La Grotte de Clamouse Le temple Bouddhiste \u00ab\u00a0Lerab Ling\u00a0\u00bb Le Cirque de Navacelle La cath\u00e9drale de Saint Fulcran \u00e0 Lod\u00e8ve<\/p>\n","protected":false},"author":1,"featured_media":0,"parent":0,"menu_order":0,"comment_status":"closed","ping_status":"open","template":"","meta":{"footnotes":""},"class_list":["post-65","page","type-page","status-publish","hentry"],"_links":{"self":[{"href":"https:\/\/www.campinglespeupliers.net\/index.php\/wp-json\/wp\/v2\/pages\/65","targetHints":{"allow":["GET"]}}],"collection":[{"href":"https:\/\/www.campinglespeupliers.net\/index.php\/wp-json\/wp\/v2\/pages"}],"about":[{"href":"https:\/\/www.campinglespeupliers.net\/index.php\/wp-json\/wp\/v2\/types\/page"}],"author":[{"embeddable":true,"href":"https:\/\/www.campinglespeupliers.net\/index.php\/wp-json\/wp\/v2\/users\/1"}],"replies":[{"embeddable":true,"href":"https:\/\/www.campinglespeupliers.net\/index.php\/wp-json\/wp\/v2\/comments?post=65"}],"version-history":[{"count":2,"href":"https:\/\/www.campinglespeupliers.net\/index.php\/wp-json\/wp\/v2\/pages\/65\/revisions"}],"predecessor-version":[{"id":2656,"href":"https:\/\/www.campinglespeupliers.net\/index.php\/wp-json\/wp\/v2\/pages\/65\/revisions\/2656"}],"wp:attachment":[{"href":"https:\/\/www.campinglespeupliers.net\/index.php\/wp-json\/wp\/v2\/media?parent=65"}],"curies":[{"name":"wp","href":"https:\/\/api.w.org\/{rel}","templated":true}]}}