{"id":68,"date":"2018-09-14T12:43:01","date_gmt":"2018-09-14T12:43:01","guid":{"rendered":"https:\/\/hugounenq.com\/wordpress\/?page_id=68"},"modified":"2024-11-28T11:10:17","modified_gmt":"2024-11-28T10:10:17","slug":"services","status":"publish","type":"page","link":"https:\/\/www.campinglespeupliers.net\/index.php\/services\/","title":{"rendered":"Les services"},"content":{"rendered":"\n\n\n<div class=\"wp-block-group\"><div class=\"wp-block-group__inner-container is-layout-flow wp-block-group-is-layout-flow\">\n<h1 style=\"text-align: center;\">Un camping familial<\/h1>\n<p style=\"text-align: center;\"><img loading=\"lazy\" decoding=\"async\" class=\"aligncenter size-full wp-image-2763\" src=\"http:\/\/www.campinglespeupliers.net\/wp-content\/uploads\/2020\/05\/accueil_fleurs.jpg\" alt=\"\" width=\"1003\" height=\"669\" srcset=\"https:\/\/www.campinglespeupliers.net\/wp-content\/uploads\/2020\/05\/accueil_fleurs.jpg 1003w, https:\/\/www.campinglespeupliers.net\/wp-content\/uploads\/2020\/05\/accueil_fleurs-300x200.jpg 300w, https:\/\/www.campinglespeupliers.net\/wp-content\/uploads\/2020\/05\/accueil_fleurs-768x512.jpg 768w\" sizes=\"auto, (max-width: 1003px) 100vw, 1003px\" \/><\/p>\n<ul>\n<li>A disposition \u00e0 l&rsquo;accueil : <a href=\"http:\/\/www.campinglespeupliers.net\/index.php\/ustensiles-a-disposition\/\"><span style=\"color: #000000;\">un fer \u00e0 repasser, une planche \u00e0 repasser, un s\u00e8che cheveux.<\/span><\/a><\/li>\n<li>Zone Wifi (gratuit)<\/li>\n<li>Terrain de boules<\/li>\n<li>Buvette<\/li>\n<li>Pizzas sur le camping tous les soirs en saison (Vendredi et samedi soir en d\u00e9but et fin de saison)<\/li>\n<li>Baby foot<\/li>\n<li><a href=\"http:\/\/www.campinglespeupliers.net\/index.php\/lave-linge\/\"><strong><span style=\"color: #000000;\">Un lave linge<\/span><\/strong><span style=\"color: #000000;\"> (jetons disponibles \u00e0 l&rsquo;accueil)<\/span><\/a><\/li>\n<li>Des livres \u00e0 l&rsquo;accueil du camping<\/li>\n<li>Aire de jeux cl\u00f4tur\u00e9e <span style=\"color: #000000;\">pour les enfants (balance, ressort, toboggan)<\/span><\/li>\n<li><span style=\"color: #000000;\"><a style=\"color: #000000;\" href=\"http:\/\/www.campinglespeupliers.net\/index.php\/les-blocs-sanitaires\/\">Deux blocs sanitaires<\/a><\/span> : ouvert toute l&rsquo;ann\u00e9e avec eau chaude \u00e0 toute heure avec une cabine sanitaire sp\u00e9cialement am\u00e9nag\u00e9e pour personne \u00e0 mobilit\u00e9 r\u00e9duite. 2019 r\u00e9novation compl\u00e8te du bloc sanitaire 1 &#8211; 2021 R\u00e9novation du bloc sanitaire 2\u00a0 (fa\u00efence, carrelage, lavabo, \u00e9clairage, peinture\u2026)\u00a0<\/li>\n<\/ul>\n<p style=\"text-align: center;\"><img loading=\"lazy\" decoding=\"async\" class=\"size-medium wp-image-450 aligncenter\" src=\"http:\/\/campinglespeupliers.net\/wp-content\/uploads\/2018\/09\/285_lightbox-300x200.jpg\" alt=\"\" width=\"300\" height=\"200\" srcset=\"https:\/\/www.campinglespeupliers.net\/wp-content\/uploads\/2018\/09\/285_lightbox-300x200.jpg 300w, https:\/\/www.campinglespeupliers.net\/wp-content\/uploads\/2018\/09\/285_lightbox.jpg 600w\" sizes=\"auto, (max-width: 300px) 100vw, 300px\" \/><\/p>\n<p><img loading=\"lazy\" decoding=\"async\" class=\"alignnone size-medium wp-image-2950 aligncenter\" src=\"http:\/\/www.campinglespeupliers.net\/wp-content\/uploads\/2020\/06\/IMG_07021-225x300.jpg\" alt=\"\" width=\"225\" height=\"300\" srcset=\"https:\/\/www.campinglespeupliers.net\/wp-content\/uploads\/2020\/06\/IMG_07021-225x300.jpg 225w, https:\/\/www.campinglespeupliers.net\/wp-content\/uploads\/2020\/06\/IMG_07021-768x1024.jpg 768w, https:\/\/www.campinglespeupliers.net\/wp-content\/uploads\/2020\/06\/IMG_07021.jpg 960w\" sizes=\"auto, (max-width: 225px) 100vw, 225px\" \/><\/p>\n<p style=\"text-align: center;\">Aire de jeux pour les enfants, balan\u00e7oire, toboggan, ressort<\/p>\n<p style=\"text-align: center;\"><img loading=\"lazy\" decoding=\"async\" class=\"aligncenter size-full wp-image-196\" src=\"http:\/\/campinglespeupliers.net\/wp-content\/uploads\/2018\/09\/wifi.png\" alt=\"\" width=\"225\" height=\"225\" srcset=\"https:\/\/www.campinglespeupliers.net\/wp-content\/uploads\/2018\/09\/wifi.png 225w, https:\/\/www.campinglespeupliers.net\/wp-content\/uploads\/2018\/09\/wifi-150x150.png 150w\" sizes=\"auto, (max-width: 225px) 100vw, 225px\" \/><\/p>\n<p style=\"text-align: center;\">Le code WiFi vous est communiqu\u00e9 \u00e0 l&rsquo;accueil.<\/p>\n<p style=\"text-align: center;\">Wifi Fibre<\/p>\n<p><img loading=\"lazy\" decoding=\"async\" class=\"aligncenter size-full wp-image-2762\" src=\"http:\/\/www.campinglespeupliers.net\/wp-content\/uploads\/2020\/05\/accueil.jpg\" alt=\"\" width=\"1003\" height=\"669\" srcset=\"https:\/\/www.campinglespeupliers.net\/wp-content\/uploads\/2020\/05\/accueil.jpg 1003w, https:\/\/www.campinglespeupliers.net\/wp-content\/uploads\/2020\/05\/accueil-300x200.jpg 300w, https:\/\/www.campinglespeupliers.net\/wp-content\/uploads\/2020\/05\/accueil-768x512.jpg 768w\" sizes=\"auto, (max-width: 1003px) 100vw, 1003px\" \/><\/p>\n<\/div><\/div>\n\n\n","protected":false},"excerpt":{"rendered":"<p>Un camping familial A disposition \u00e0 l&rsquo;accueil : un fer \u00e0 repasser, une planche \u00e0 repasser, un s\u00e8che cheveux. Zone Wifi (gratuit) Terrain de boules Buvette Pizzas sur le camping tous les soirs en saison (Vendredi et samedi soir en d\u00e9but et fin de saison) Baby foot Un lave linge (jetons disponibles \u00e0 l&rsquo;accueil) Des [&hellip;]<\/p>\n","protected":false},"author":1,"featured_media":0,"parent":0,"menu_order":0,"comment_status":"closed","ping_status":"open","template":"","meta":{"footnotes":""},"class_list":["post-68","page","type-page","status-publish","hentry"],"_links":{"self":[{"href":"https:\/\/www.campinglespeupliers.net\/index.php\/wp-json\/wp\/v2\/pages\/68","targetHints":{"allow":["GET"]}}],"collection":[{"href":"https:\/\/www.campinglespeupliers.net\/index.php\/wp-json\/wp\/v2\/pages"}],"about":[{"href":"https:\/\/www.campinglespeupliers.net\/index.php\/wp-json\/wp\/v2\/types\/page"}],"author":[{"embeddable":true,"href":"https:\/\/www.campinglespeupliers.net\/index.php\/wp-json\/wp\/v2\/users\/1"}],"replies":[{"embeddable":true,"href":"https:\/\/www.campinglespeupliers.net\/index.php\/wp-json\/wp\/v2\/comments?post=68"}],"version-history":[{"count":29,"href":"https:\/\/www.campinglespeupliers.net\/index.php\/wp-json\/wp\/v2\/pages\/68\/revisions"}],"predecessor-version":[{"id":6277,"href":"https:\/\/www.campinglespeupliers.net\/index.php\/wp-json\/wp\/v2\/pages\/68\/revisions\/6277"}],"wp:attachment":[{"href":"https:\/\/www.campinglespeupliers.net\/index.php\/wp-json\/wp\/v2\/media?parent=68"}],"curies":[{"name":"wp","href":"https:\/\/api.w.org\/{rel}","templated":true}]}}